 0. What is the tens digit of (0/3 + 1)*p?
1
What is the units digit of (-3)/(6/10)*80/(-8)?
0
Let l(z) = z**3 + 8*z**2 - 6*z + 5. Let f be l(-5). Suppose f - 20 = 5*a. What is the tens digit of a?
1
What is the units digit of (-78)/13*4/(-6)?
4
Let q be 2/(-4) + (-21)/14. Let g be 3/q*(-8)/3. Suppose 5*y - g*y = 12. What is the tens digit of y?
1
Let b = -1 + -4. Let j(i) = i**2 + 5*i. Let z be j(b). Suppose z = -4*c - 5*q + 12, 4*c - 5*q + 11 = 63. What is the units digit of c?
8
What is the hundreds digit of ((-84)/35 - 0)/(2/(-195))?
2
Let a = 15 - 12. Suppose -36 - 33 = -a*f. What is the units digit of f?
3
Let y(p) = 7*p - 6*p + 6*p - 9. What is the units digit of y(8)?
7
Suppose 0 = 5*z - 5*p - 385, 0 = p - 0*p + 3. What is the units digit of z?
4
Let v(o) = o**2 + 2*o - 2. Let d be v(2). Let p = d + -4. Suppose -j = -0*j - p*w - 9, -2*j - 5*w + 18 = 0. What is the units digit of j?
9
Let d = -124 - -148. What is the units digit of d?
4
Let u(q) = -q**2 + 6*q - 4. Let m be u(4). Suppose -z + 5*o - 2 = 0, -m*z + 2*o = 7*o + 8. Let t = z - -4. What is the units digit of t?
2
Suppose q + 1 = -5*t + 2*t, 0 = 4*q - 4*t - 28. Suppose n + 52 = q*n. What is the tens digit of n?
1
Suppose 4*q + q - 5*i = 175, -i - 70 = -2*q. What is the tens digit of q?
3
Let y(q) = 27*q + 15. What is the units digit of y(5)?
0
Let s = 7 + -9. Let f = -3 + 2. What is the units digit of f + 15 + s + 0?
2
Suppose 542 = 8*o + 206. What is the units digit of o?
2
Suppose 0 = -5*n + 10, -10 = -c - 4*n + 3. What is the units digit of c?
5
Suppose -3*b - 22 + 119 = 5*m, 5 = m. What is the units digit of b?
4
Let l(i) = -2*i + 1. Let c = -51 + 76. Suppose 0*v + c = -5*v. What is the units digit of l(v)?
1
Suppose 8*a = 2*i + 3*a - 123, -3*a - 225 = -4*i. What is the units digit of i?
4
Suppose -3*g + 3*m = 0, g = -4*m - 3 + 13. Suppose -g*v = -2*l - 64, 0*v - 5*l - 52 = -v. Suppose -2*o - 3 = -v. What is the tens digit of o?
1
Let y(r) = r - 1. Let t be y(-6). Let q = -8 - t. What is the units digit of -1 + q + (-22)/(-2)?
9
Suppose 4*n - b + 2 = 3, b = -1. Suppose 4*q - 54 + 6 = n. What is the tens digit of q?
1
Suppose 357 + 3 = 8*f. What is the units digit of f?
5
Let n = -19 + 132. What is the tens digit of n?
1
What is the tens digit of (-130)/(-6) - 4/6?
2
Suppose 5*a = 6 + 9. What is the units digit of (14 + -3)*1 - a?
8
Suppose w + w = 2*k + 24, -5*w - 3*k + 28 = 0. Suppose -2*c - 2*c = w. Let l = c + 5. What is the units digit of l?
3
Suppose 0*i = 3*i - 108. What is the tens digit of i?
3
Suppose -5*u + 2*w = -31, u - w = -3*w - 1. Let a = -31 - -57. Suppose -u*b = -4 - a. What is the units digit of b?
6
Let p(z) = z. Let s(l) = l**2 + 13*l + 9. Let a(g) = -4*p(g) + s(g). What is the units digit of a(-9)?
9
Suppose 2*x - 14 - 2 = 4*t, 5 = x - 3*t. What is the tens digit of x?
1
Let n(q) = -q**2 - 9*q. Suppose 10 = -5*c - 30. What is the units digit of n(c)?
8
Suppose 40 - 19 = n. What is the tens digit of n?
2
Let c(w) = 18*w**3 + w - 1. What is the tens digit of c(1)?
1
Let n(r) be the first derivative of r**5/60 + r**4/4 + 7*r**3/6 + 3*r**2/2 - 3. Let j(b) be the second derivative of n(b). What is the units digit of j(-6)?
7
Let t be (-1)/(1/2) + 11. Suppose 4*l - 2 + 5 = -5*k, 0 = 3*k + t. Suppose -5*o + 0*j + l*j = -87, -5*o + 67 = 2*j. What is the tens digit of o?
1
Suppose -6*k + 597 = -219. What is the hundreds digit of k?
1
Let j(p) = 2*p + 6. Let q be j(-5). Let o = 7 + q. Suppose -4*f + f + 8 = 5*n, o*f = 3. What is the units digit of n?
1
Let r(c) = 17*c + 9. Let n be r(-7). Let h = n - -159. What is the tens digit of h?
4
Let u be (-5 + 2)/6*-14. Let v = 16 - u. What is the units digit of v?
9
Let q(v) = -59*v**3 - v**2 + v + 2. What is the units digit of q(-1)?
9
Let z be 45/12 + (-2)/(-8). Let y = -4 + z. Suppose -3*f + f + 12 = y. What is the units digit of f?
6
Let h(r) = -7*r**3 + 6*r**2 - r + 4. Let c(a) = 8*a**3 - 7*a**2 + a - 5. Let l(f) = -6*c(f) - 7*h(f). What is the units digit of l(3)?
2
Suppose 5*v - 8 = -3. Let z be v + 0 + (0 - -8). Suppose 4*y - y = z. What is the units digit of y?
3
Suppose 0*g = -g + 13. What is the tens digit of g?
1
Suppose -5*u + 69 = 3*j - j, -j + 5*u = -42. What is the units digit of j?
7
Suppose -3*o = c - 72, -4*o = -0*c + c - 97. What is the units digit of o?
5
Let f(a) be the first derivative of a**4/4 + 4*a**3 + 9*a**2/2 + 7*a + 2. What is the tens digit of f(-11)?
2
Suppose -4*s = -s - 57. What is the tens digit of s?
1
Let o(p) = p - 5. Let j be o(0). Let m(u) = u**3 + 4*u**2 - 7*u. Let h be m(j). Suppose -3*g = -4*r + 3 - h, -g = r. What is the units digit of g?
1
Let g be ((-38)/8)/((-3)/24). Suppose -2*q + 156 = 5*v, 2*q = -3*v + 58 + g. Suppose -4*n - 2*r = -v, r = -n - 0*n + 8. What is the units digit of n?
7
Let d be (1 - 2)*(-9)/(-3). Let b(m) = m**2 + 4*m + 3. Let p be b(d). Suppose r = -p*r + 5. What is the units digit of r?
5
Let p be (-4 - (-1 + -1))*-2. Let a = p - 10. What is the units digit of a/(3/(-4) - 0)?
8
Suppose 2*g + 4*r = 5 + 3, 5*g = 4*r + 20. Let j be 4/(-16) - 15/g. What is the units digit of j/(-6)*21/2?
7
Let n(c) = -c**3 + 2*c**2 - 2. Let s be n(2). Let v(u) = -u**3 - 2*u - 3. What is the units digit of v(s)?
9
Let s(p) = 2*p**2 - 6*p. Let g be s(4). Let z be g + (-1 + 4)/(-1). What is the units digit of (-2)/z + (-66)/(-15)?
4
Let t(g) = g**3 + 13*g**2 - 17*g - 14. What is the units digit of t(-14)?
8
What is the tens digit of (-3 - 1) + (-1 - -55)?
5
Let f(s) = s**3 + 2*s**2 - 2*s + 1. Suppose 5*j - 4*j - 1 = 0. Let z be f(j). What is the units digit of (z + -1)*3*1?
3
Suppose 0 = p - 4*d - 8, 4*p + 3*d + 6 = 2*p. Suppose p = -3*v + 3. What is the units digit of v?
1
What is the units digit of 9/(-3)*(-5 + 1)?
2
Let m = -30 - -47. What is the units digit of m?
7
Suppose 0*g = -2*g + 10. Suppose -t + 5 = -g. What is the units digit of t?
0
Let u(h) = h - 10. Let j be u(8). Let s = 16 - j. What is the units digit of s?
8
Let n = 17 + -7. Suppose r + h - n = 0, 0*h + 35 = 3*r - 2*h. What is the tens digit of r?
1
What is the tens digit of 72/(-96) - (-1246)/8?
5
Let d(o) = -16*o**3 + 2*o + 1. Let b be d(-1). What is the units digit of (-3)/(-5) - (-6)/b?
1
Let w(m) = 39*m + 62. What is the hundreds digit of w(6)?
2
Suppose 2*d - 10 = -0*d - 2*z, 2*d - 10 = -5*z. Let h = -2 + d. Suppose -r + 16 = -2*o + h*o, 4*r - o = 79. What is the tens digit of r?
1
Suppose 0 = 9*s - s - 2488. What is the hundreds digit of s?
3
Let k(l) = -l**2 - 3*l + 4. Let j be k(-3). Suppose 46 = 3*n - j*m - m, 4*n + 5*m - 3 = 0. What is the units digit of n?
7
Suppose -2*t + 12 = 4*l, -4*l - 4*t + 32 = -7*t. Suppose 3*g - 3 = 2*a - 1, 0 = -l*g + 5*a. Let b = 8 - g. What is the units digit of b?
6
Let c(g) = -g**2 + 29. Let r be c(0). Suppose -3 = -v + 2, 4*v - r = -j. What is the units digit of j?
9
What is the units digit of 3/(0 - -3) - -21?
2
Let a(m) = -m**3 + 2*m**2 - 4*m + 3. Let p be a(2). Let h = 0 + p. Let q = h - -16. What is the tens digit of q?
1
What is the tens digit of 1*(-93 + 0)*-1?
9
Let y be ((-50)/(-15))/((-4)/18). Let x = 10 - -16. Let l = y + x. What is the units digit of l?
1
Let s(b) = -b**2 + 4*b + 7. Let u be s(5). Suppose -3*r + 65 = h + 3*h, 0 = 3*r - u*h - 89. What is the units digit of r?
7
Suppose 0 = -54*z + 51*z + 972. What is the hundreds digit of z?
3
Suppose 0 = -2*v + 10 - 2. Suppose 0*o + v*p - 10 = -2*o, -2 = -2*p. Suppose o*q = -q + 28. What is the units digit of q?
7
Let d be -2*(-3 + (-4)/(-2)). Suppose -4*z + d = -10. What is the units digit of (-3)/(-9) - (-2)/z?
1
Let k = 0 - -2. Suppose -12 - 20 = -4*m - k*s, s - 26 = -3*m. Let c = m - 2. What is the units digit of c?
8
Let t(p) = 30*p + 11. What is the units digit of t(6)?
1
Let n(z) = -2*z**2 - 1 + 6*z + 12*z**2 - 7*z. What is the units digit of n(-1)?
0
Let u(l) = -71*l**3 - l**2 - l - 1. Let t be u(-1). Let s = 45 + -95. Let z = s + t. What is the tens digit of z?
2
Let r be (-4)/14 - (-2)/7. Let x(t) = t**2 - 4. Let c be x(r). Let s = -1 - c. What is the units digit of s?
3
Let y = 269 + -70. What is the units digit of y?
9
Suppose -q + 9 + 1 = 0. What is the tens digit of q?
1
Let u(p) = 7*p**3 + 2*p**2 - 2*p + 1. Let h be u(1). Suppose h*f - 4*f - 32 = 0. What is the units digit of f?
8
Let c(s